 n**2 + 2*n + 1. Let a be t(3). Let s = a + 15. Suppose -k + m - s*m = -38, -34 = -k + m. Calculate the highest common divisor of 105 and k.
35
Let w(j) = j**3 - 7*j**2 + j + 12. Let o be w(6). Let l be (100/(-6) + 0)*o/15. What is the greatest common divisor of l and 4?
4
Suppose 5*n = -s - 25 + 421, 0 = -5*n - 5*s + 380. Suppose f + 24 = 3*f. Suppose -2*y + f = -20. Calculate the highest common factor of y and n.
16
Suppose -7*b - 837 = -5*m - 3*b, -2*m + 344 = 3*b. Let w = m - 52. What is the greatest common factor of 13 and w?
13
Let f be 9 + -10 - (-12 + -1). What is the greatest common factor of 32 and f?
4
Suppose 0 = -39*r - 1163 + 6311. Calculate the greatest common divisor of 330 and r.
66
Let i be (43 - 30)/((-2)/(-38)). Calculate the greatest common factor of i and 26.
13
Let i(f) = f**3 + 16*f**2 - 23*f - 32. Let r be i(-17). Calculate the greatest common divisor of 42 and r.
14
Suppose -o + 2*o + 6 = 0. Let w be 2343/9 - o/(-18). Suppose -2*l = 2*l - w. Calculate the highest common divisor of 13 and l.
13
Let v be (2 + -8 - 3)*-3. Calculate the highest common divisor of 27 and v.
27
Let r be 12/(-8)*(-10)/(-15). Let o(p) = -64*p**3 - p**2 - p - 1. Let t be o(r). Calculate the highest common divisor of 7 and t.
7
Let o(h) = h**3 + 4*h**2 + 2*h - 16. Let s be o(-7). Let r = -159 - s. Calculate the highest common factor of 72 and r.
18
Let l(p) = -26*p - 57. Let m be l(-28). What is the highest common factor of 61 and m?
61
Suppose -4*c = 2*c - 12. Let t be 19 + c + 10/(-5). What is the greatest common divisor of 57 and t?
19
Let l(g) be the second derivative of 3*g + 5/2*g**2 + 0 - 1/6*g**3. Let n be l(4). Calculate the greatest common divisor of n and 1.
1
Let j(l) = l**3 - 6*l**2 - 3*l + 10. Let u be j(6). Let t be (105/(-28))/(2/u). Let w = -9 + 39. What is the highest common factor of w and t?
15
Let a be (9/4)/((-39)/(-15080)). What is the highest common factor of a and 30?
30
Let w be 4/6 + 55/(-15). Let x be w*1 - (5 + -12). Suppose -x*u = 1 - 25. Calculate the greatest common divisor of 24 and u.
6
Suppose -5*u - 3*a + 52 = -20, 2*u - 33 = 3*a. Calculate the highest common factor of u and 435.
15
Suppose -2*k + 16 = 12. Suppose 0 = a - 3*n - 133, a + 2*a + k*n = 355. Suppose 5*t - 19 - 36 = 0. Calculate the greatest common factor of t and a.
11
Suppose 22*s - 12 = 16*s. Suppose 0 = -4*z + 2*t + 48, 5*t + 8 = s*z + 8*t. What is the greatest common divisor of 35 and z?
5
Let n = 45 + -36. Let v be ((-6)/n)/((-6)/99). Let b be 12/4 - (-19)/1. Calculate the greatest common factor of b and v.
11
Suppose -5*r + 44 = -r. Let j = 17 - r. Let m = -5 + j. Calculate the highest common factor of 4 and m.
1
Let v = 211 - 93. Let s = v + -112. Calculate the highest common divisor of s and 42.
6
Suppose a = -4*a + 40. Suppose 3*b = 261 + 318. Let i = b - 137. Calculate the greatest common divisor of a and i.
8
Let j(c) = -c**3 - c**2 + 3*c + 3. Let w be j(0). Suppose 119 = w*p + 5. What is the greatest common divisor of 95 and p?
19
Let a(y) = -y**3 - 2*y**2 + 4*y + 2. Let p be a(-3). Let w be -3 + 0 + 8 - p. Suppose -453 = -6*t - 57. Calculate the greatest common factor of t and w.
6
Let b = -14 - -14. Let r(o) = 2*o + 14. Let a be r(b). Let h = 32 - a. Calculate the highest common divisor of h and 27.
9
Let h(d) be the second derivative of -d**5/4 - d**4/12 + d**3/6 + d**2/2 - d. Let v be h(-1). What is the highest common factor of 2 and v?
2
Let a = 194 + -125. Calculate the highest common divisor of 1104 and a.
69
Let r(q) = q**3 - q**2 + q + 2. Let w be r(0). Suppose 114*s - 312 = 75*s. Calculate the highest common factor of w and s.
2
Let r = -39 - -54. Let c = 19 - r. Calculate the highest common factor of c and 2.
2
Suppose -5*o - 81 = -2*o. Let i be 6*(-10)/75 - (-970)/25. Let a = o + i. What is the highest common factor of 33 and a?
11
Let p be 0/6*1/4. Suppose -2*j + j + 37 = q, p = -5*q + j + 215. What is the greatest common factor of q and 6?
6
Suppose 16 = j + 2. Let a be 8/6 - (8 - (-286)/(-33)). Calculate the greatest common factor of j and a.
2
Let m(x) = -x**2 - 13*x - 9. Let u be m(-9). Suppose 3*p - u - 148 = t, -5*t = -25. Calculate the greatest common divisor of p and 30.
30
Let n be (-90)/(-4)*6*(-154)/(-231). What is the highest common factor of n and 315?
45
Suppose 25 = -7*b + 2*b. Let y = 1 - b. Let h(a) = -46*a - 4. Let k be h(-1). What is the greatest common divisor of k and y?
6
Let l = 4 + -2. Suppose h + 7*u = l*u + 290, -u - 1 = 0. Suppose h - 103 = 3*f. What is the highest common divisor of 8 and f?
8
Let z be 4/(12/13) - (-1)/(-3). Suppose 0 = -z*y + y + 78. Calculate the greatest common divisor of y and 182.
26
Let s = 484 - 479. Suppose -q - 129 = -2*l, 5*q - 23 = 3*l - 213. Calculate the highest common divisor of l and s.
5
Let p = 552 + 83. Calculate the greatest common divisor of p and 5.
5
Suppose 4*z - 2*a - 236 = 0, 5*z - 2*a + a - 289 = 0. Calculate the greatest common factor of 76 and z.
19
Let r be (3/(-9))/((-7)/(-84)) + 10. What is the highest common divisor of 34 and r?
2
Suppose -4*a = -5*p + 786, -3*p + 14*a = 10*a - 478. Calculate the highest common factor of 44 and p.
22
Let v be 0 - 1 - -14 - 3/(-1). Let i = -1 + 81. What is the highest common factor of v and i?
16
Suppose -2*n - n + 39 = 4*i, 0 = -5*i - n + 46. Suppose 0*w - w = -9. Let y = w + -3. What is the highest common factor of i and y?
3
Let g(p) = -p**3 + 2*p**2. Let q be g(-5). Suppose -14*f + 2*f + 300 = 0. What is the highest common divisor of f and q?
25
Suppose 5*o - 95 = -j, -2*j - 21 = -2*o + j. Calculate the highest common factor of 144 and o.
18
Let n(x) = -6*x - 11. Let o be n(-4). Let d = -11 + o. Let a be (-1)/d + 294/12. Calculate the greatest common factor of 60 and a.
12
Let f = 310 - 253. Calculate the highest common factor of f and 133.
19
Let w(i) = -i**3 + 3*i**2 + i - 11. Let r be w(-3). What is the greatest common factor of r and 90?
10
Let m = 266 - 154. Suppose 2*r - 2*s + 54 - 150 = 0, 5*s - m = -3*r. What is the greatest common factor of 33 and r?
11
Let y(w) be the third derivative of w**5/12 - 5*w**4/24 - w**3/2 - 2*w**2 + 8*w. Let v be y(3). What is the highest common divisor of v and 216?
27
Let a = -435 + 810. Calculate the highest common factor of 50 and a.
25
Suppose 812 = 6*f + 236. Calculate the highest common divisor of 72 and f.
24
Let x(q) = q + 18. Let p be x(-15). Suppose 0 = -p*k + 551 - 131. What is the greatest common factor of 14 and k?
14
Let t(k) = k**2 + 32*k - 56. Let x be t(-34). What is the highest common factor of x and 228?
12
Suppose 2584 = 7*t - 216. Calculate the greatest common factor of 75 and t.
25
Suppose 3*x = -11 - 1, 0 = -5*l + 3*x + 127. What is the highest common divisor of l and 115?
23
Suppose 4*f - 242 = -2*p, 23*f + 295 = 28*f - 5*p. Calculate the highest common factor of 96 and f.
12
Let m be (-3)/6*2 + (-2 - -3). Let t be m/2 + (-12)/(-3). What is the greatest common divisor of t and 2?
2
Let q = -183 + 123. Let l = q + 72. Calculate the greatest common factor of 108 and l.
12
Let b = 7 - 6. Let p = b + 8. What is the highest common factor of p and 63?
9
Suppose 0 = 6*q + a - 11 - 8, -4*q - 3*a + 1 = 0. Suppose d - 3*d + 6 = 0. What is the greatest common divisor of d and q?
1
Let q = -621 - -649. Calculate the highest common factor of q and 119.
7
Let o(a) = 4*a - 26. Let j be o(14). Suppose -4*q - 4 = -4*z - 8, 0 = q. Let b = z - -16. What is the greatest common factor of b and j?
15
Let v(h) = -h**3 + 6*h**2 - 4*h + 26. Let l be v(6). What is the greatest common divisor of 7 and l?
1
Let x = -19 + 21. Let d(y) = -y**2 - y + 435. Let g be d(0). Suppose -4*i = -i - 2*b - g, -x*b = -2*i + 292. What is the highest common divisor of 13 and i?
13
Suppose -590*s = -598*s + 344. Suppose 1204 = 7*v - 3*v. What is the greatest common factor of v and s?
43
Let p(u) = -u**3 - u**2 + 3*u + 3. Let w be p(-3). Suppose w*b - 212 = 16*b. Let h be -1 - (b*4 - -1). What is the greatest common factor of h and 42?
42
Let d = -102 + 296. Calculate the greatest common factor of d and 6.
2
Let p = -1703 + 1725. What is the highest common divisor of 44 and p?
22
Suppose -40 = 4*z + 4*t, 5*t + 8 = 2*z - 0*z. Let i = 52 + z. Calculate the greatest common factor of 115 and i.
2